divided by 63?
51
Calculate the remainder when 2489255 is divided by 28.
27
What is the remainder when 638 is divided by 138?
86
What is the remainder when 8859 is divided by 884?
19
Calculate the remainder when 47131 is divided by 37.
30
Calculate the remainder when 4344 is divided by 394.
10
Calculate the remainder when 82498 is divided by 30.
28
What is the remainder when 48995 is divided by 14?
9
What is the remainder when 519 is divided by 18?
15
What is the remainder when 32568 is divided by 10838?
54
Calculate the remainder when 44561 is divided by 268.
73
What is the remainder when 20556 is divided by 573?
501
Calculate the remainder when 64631 is divided by 14.
7
What is the remainder when 1828 is divided by 42?
22
Calculate the remainder when 135744 is divided by 659.
649
What is the remainder when 387107 is divided by 22?
17
Calculate the remainder when 183920 is divided by 108.
104
Calculate the remainder when 20226 is divided by 6493.
747
Calculate the remainder when 318245 is divided by 58.
57
Calculate the remainder when 3660 is divided by 167.
153
Calculate the remainder when 1927 is divided by 520.
367
Calculate the remainder when 8233 is divided by 300.
133
Calculate the remainder when 182773 is divided by 182773.
0
What is the remainder when 540990 is divided by 316?
314
What is the remainder when 166433 is divided by 1215?
1193
Calculate the remainder when 792833 is divided by 22.
19
What is the remainder when 796054 is divided by 159208?
14
Calculate the remainder when 508296 is divided by 31.
20
What is the remainder when 27704 is divided by 1?
0
Calculate the remainder when 5301 is divided by 127.
94
What is the remainder when 497303 is divided by 24?
23
Calculate the remainder when 5029 is divided by 101.
80
Calculate the remainder when 7718 is divided by 3859.
0
What is the remainder when 360531 is divided by 6802?
25
Calculate the remainder when 460 is divided by 19.
4
Calculate the remainder when 42357 is divided by 375.
357
What is the remainder when 39073 is divided by 1056?
1
What is the remainder when 50864 is divided by 64?
48
Calculate the remainder when 26953 is divided by 3366.
25
Calculate the remainder when 2433 is divided by 53.
48
What is the remainder when 6042 is divided by 2977?
88
What is the remainder when 2767 is divided by 167?
95
What is the remainder when 37275 is divided by 98?
35
What is the remainder when 568 is divided by 104?
48
What is the remainder when 735 is divided by 111?
69
Calculate the remainder when 10244 is divided by 37.
32
Calculate the remainder when 1831 is divided by 1807.
24
Calculate the remainder when 18328 is divided by 141.
139
Calculate the remainder when 21402 is divided by 16.
10
What is the remainder when 6464961 is divided by 129?
126
What is the remainder when 10275 is divided by 3?
0
What is the remainder when 48571 is divided by 1619?
1
What is the remainder when 300 is divided by 30?
0
What is the remainder when 20178 is divided by 46?
30
Calculate the remainder when 6875 is divided by 2287.
14
What is the remainder when 86490 is divided by 48?
42
What is the remainder when 2336 is divided by 175?
61
What is the remainder when 137355 is divided by 170?
165
What is the remainder when 40874 is divided by 156?
2
What is the remainder when 5048 is divided by 144?
8
What is the remainder when 4422 is divided by 32?
6
Calculate the remainder when 6535 is divided by 66.
1
What is the remainder when 76670 is divided by 242?
198
Calculate the remainder when 224129 is divided by 818.
815
What is the remainder when 11563 is divided by 32?
11
What is the remainder when 1242 is divided by 441?
360
Calculate the remainder when 2222900 is divided by 158.
156
Calculate the remainder when 56859 is divided by 54.
51
What is the remainder when 31634 is divided by 1756?
26
Calculate the remainder when 4209741 is divided by 16.
13
Calculate the remainder when 56173 is divided by 21.
19
What is the remainder when 197036 is divided by 3397?
10
Calculate the remainder when 27309 is divided by 9089.
42
Calculate the remainder when 240874 is divided by 505.
494
What is the remainder when 1785 is divided by 705?
375
Calculate the remainder when 26842 is divided by 8637.
931
What is the remainder when 7467 is divided by 37?
30
Calculate the remainder when 34536 is divided by 329.
320
Calculate the remainder when 30060 is divided by 327.
303
What is the remainder when 9988 is divided by 4971?
46
Calculate the remainder when 2781 is divided by 29.
26
What is the remainder when 587767 is divided by 25?
17
What is the remainder when 1775 is divided by 589?
8
What is the remainder when 45852 is divided by 5684?
380
Calculate the remainder when 1617532 is divided by 438.
436
What is the remainder when 17449 is divided by 82?
65
Calculate the remainder when 5734 is divided by 35.
29
What is the remainder when 31195 is divided by 8?
3
What is the remainder when 16483 is divided by 217?
208
Calculate the remainder when 93985 is divided by 18.
7
What is the remainder when 12183 is divided by 4053?
24
What is the remainder when 30095 is divided by 3009?
5
What is the remainder when 81716 is divided by 908?
904
Calculate the remainder when 273150 is divided by 397.
14
What is the remainder when 1628 is divided by 49?
11
Calculate the remainder when 41817 is divided by 20872.
73
What is the remainder when 83066 is divided by 15?
11
What is the remainder when 8258 is divided by 97?
13
What is the remainder when 7702 is divided by 1978?
1768
What is the remainder when 14441 is divided by 4811?
8
What is the remainder when 86573 is divided by 234?
227
What is the remainder when 1297 is divided by 605?
87
Calculate the remainder when 9364 is divided by 46.
26
What is the remainder when 6823 is divided by 21?
19
What is the remainder when 16281 is divided by 8129?
23
What is the remainder when 39770 is divided by 192?
26
What is the remainder when 18245 is divided by 71?
69
What is the remainder when 25571 is divided by 46?
41
Calculate the remainder when 181 is divided by 20.
1
Calculate the remainder when 1394 is divided by 1087.
307
What is the remainder when 31785 is divided by 15887?
11
Calculate the remainder when 20033 is divided by 1531.
130
What is the remainder when 1368130 is divided by 269?
265
Calculate the remainder when 16947 is divided by 13.
8
Calculate the remainder when 153936 is divided by 215.
211
Calculate the remainder when 85207 is divided by 36.
31
Calculate the remainder when 1855 is divided by 56.
7
Calculate the remainder when 23036 is divided by 2551.
77
Calculate the remainder when 58998 is divided by 2931.
378
What is the remainder when 58643 is divided by 1066?
13
Calculate the remainder when 68517 is divided by 5702.
93
What is the remainder when 4373 is divided by 22?
17
What is the remainder when 2308 is divided by 40?
28
What is the remainder when 214237 is divided by 104?
101
Calculate the remainder when 544561 is divided by 747.
745
Calculate the remainder when 998627 is divided by 27.
5
Calculate the remainder when 10530 is divided by 701.
15
Calculate the remainder when 1372 is divided by 60.
52
Calculate the remainder when 7108 is divided by 63.
52
Calculate the remainder when 2910 is divided by 370.
320
What is the remainder when 25172 is divided by 25146?
26
Calculate the remainder when 2959 is divided by 2350.
609
What is the remainder when 35859 is divided by 1629?
21
Calculate the remainder when 8499 is divided by 15.
9
Calculate the remainder when 37685 is divided by 17.
13
What is the remainder when 7656 is divided by 366?
336
Calculate the remainder when 84572 is divided by 20.
12
What is the remainder when 7386 is divided by 319?
49
Calculate the remainder when 168924 is divided by 17.
12
What is the remainder when 65794 is divided by 19?
16
What is the remainder when 31150 is divided by 1?
0
Calculate the remainder when 1261644 is divided by 203.
202
What is the remainder when 597000 is divided by 597?
0
Calculate the remainder when 745301 is divided by 4384.
21
Calculate the remainder when 72189 is divided by 11.
7
What is the remainder when 7814 is divided by 1268?
206
Calculate the remainder when 5184 is divided by 516.
24
Calculate the remainder wh